53 + -82. Let y = u - -85. What is the units digit of y?
6
Let d be 21/6*(0 + 2). Let j = 95 + -53. What is the units digit of (j/4)/d*18?
7
Let r be 2/6 - (-858)/18. Suppose 0*k + 3*k + 84 = 3*u, 4*k - r = -u. What is the tens digit of u?
3
Let i(j) = -2*j - 3. Let p(r) = -r**3 + 8*r + 4. Let t(c) = -c**3 - c**2 + 8*c + 5. Let n(h) = 5*p(h) - 6*t(h). Let o be n(-7). What is the units digit of i(o)?
3
Suppose 2*m - 3*u = -0*m, 2 = u. Suppose 3*v = m + 3. What is the units digit of v?
2
Let s(f) = 6*f**2 + 2*f + 7. Let c(m) = m**3 + 8*m**2 + 9*m + 11. Let x be c(-7). What is the units digit of s(x)?
5
Let r(v) = 10*v**2 - 2*v + 2. Let f be (5 - 1)/(4 - 6). What is the tens digit of r(f)?
4
Let n(x) = -7*x**3 - 5*x**2 - 22*x. What is the hundreds digit of n(-4)?
4
Suppose -6 = 2*b + 2, l + 26 = -2*b. Let j = 35 + l. Let c = 15 + j. What is the units digit of c?
2
Suppose 3*w + 5*n - 899 - 910 = 0, -5*w = -2*n - 3015. What is the tens digit of w?
0
Let y(z) = z + 16. Let r be y(0). Let f = r + -22. What is the tens digit of (-3)/f*(35 + -1)?
1
Let u(z) be the third derivative of z**4/4 + 3*z**3/2 - 3*z**2. Let s be 5 - 3/(-3) - -1. What is the units digit of u(s)?
1
Suppose -3*t = -0*t - 4950. What is the hundreds digit of t?
6
Let c(p) = 94*p**2 + p - 2*p + 2 + 0 + 5*p. What is the units digit of c(-1)?
2
Let o = -775 + 95. What is the units digit of o/12*3/(-2)?
5
Let q(t) = 643*t + 664. What is the tens digit of q(4)?
3
Let y be 1056/180 + 4/30. Suppose k + y = -2*k. What is the tens digit of ((-110)/35)/(k/14)?
2
What is the hundreds digit of ((-3303)/12)/(21/(-56))?
7
Let a = 293 - 163. Suppose -a + 34 = -6*c. What is the units digit of c?
6
Let o = -46 + 56. Let l be (4/3)/(6/9). Suppose -5*p + 285 = -7*q + 2*q, 0 = -l*q - o. What is the tens digit of p?
5
Let x = -1353 + 2268. What is the units digit of x?
5
Suppose -5*r - 2*g = g + 24, g = -4*r - 22. What is the tens digit of ((-95 + -4)*r/(-9))/(-1)?
6
Let m(h) = -5*h**3 - 2*h - 2. Let n be m(-1). Suppose 0 = n*l - 0*l - 125. What is the tens digit of l?
2
Let o(v) = v**2 - 5*v + 21. Let a be o(-9). What is the units digit of (7/(a/(-18)))/((-4)/728)?
6
Let n be 10132/52*1 - (-2)/13. Let o = 288 - n. What is the tens digit of o?
9
Suppose 1 + 14 = 3*k. Let m(d) = d**3 - 5*d**2. Let f be m(k). Suppose z - 6*z + 65 = f. What is the tens digit of z?
1
Suppose 0 = -3*q + q - 4*u + 2598, -2*q - 5*u + 2600 = 0. What is the thousands digit of q?
1
Let k = 13 + -11. Suppose 0 = -b + 4 - k. Suppose -l = -b*l + 1. What is the units digit of l?
1
Let i(m) be the first derivative of -m**2/2 + 7*m + 17. What is the units digit of i(5)?
2
Let m(c) = 24*c - 29. Let t be m(7). Suppose 5*j - 243 = -4*a, -2*a + j + t = -0*j. What is the tens digit of a?
6
Let g = 934 - 239. What is the tens digit of g?
9
Let y(b) = -b**3 + 6*b**2 + 7*b. Let l be y(7). Let a = l - -3. Suppose k + w - 4*w = 25, 0 = a*k - w - 59. What is the units digit of k?
9
Let v be (-4)/2 + 8/(-20)*-785. What is the units digit of (1 + -2)/(-6 - (-1870)/v)?
6
Let p(k) = -k**3 - k + 66. Suppose -2*s = 2*s. What is the tens digit of p(s)?
6
Let t = 95 + 89. What is the tens digit of t?
8
Let f be (-5)/(-20) + (-327)/12. What is the units digit of 6/f - (-1102)/18?
1
Let j be 119*6/(-63)*-9. Let i = 63 - j. Let d = i + 73. What is the tens digit of d?
3
Let g(t) = -3*t - 12. Let q(b) = -b**3 + 6*b**2 + 7*b - 5. Let p be q(7). Let w = -4 + p. What is the units digit of g(w)?
5
Let y(i) = -i + 3. Let t be y(0). Suppose -d - l + 83 = d, -t = -l. What is the tens digit of d?
4
Let k(t) = -3*t - 2. Let s(o) = 6*o + 5. Let w(b) = 13*k(b) + 6*s(b). Suppose -5*y = -5*z + 50, 0 = 3*y - 4*y + 2*z - 10. What is the units digit of w(y)?
4
Let g(c) = 53*c - 7. Let d be g(3). Suppose 0 = -2*b + 5*p + d - 25, 4*b = -p + 199. What is the tens digit of b?
5
Suppose -1072 = -4*x + 4*s, 16*s + 1075 = 4*x + 11*s. What is the tens digit of x?
6
Suppose 5*n = -3*w + 15648, -5*w = 4*n - 19503 + 6995. What is the thousands digit of n?
3
Suppose 0 = 2*y + l + 2*l - 1195, -3007 = -5*y - l. What is the hundreds digit of y?
6
Let o(r) = -r**3 + 16*r**2 + 19*r - 19. What is the tens digit of o(14)?
3
Suppose -10*z = -12*z - 152. Let m = z - -77. What is the units digit of m?
1
Let h = -16 - -21. Suppose -7 = -h*l + 3. What is the tens digit of l/(-5) + (-374)/(-10)?
3
Suppose 0 = -3*v - 4*w + 922, 5*v - 1595 = 4*w + w. What is the tens digit of v?
1
Suppose -4*n + 49 = 17. Suppose 10 = 3*j - n. Let q = j + 26. What is the units digit of q?
2
Let n be (-2 + 1)/((-4)/20). Let o(b) = 2*b**2 - 4*b. What is the units digit of o(n)?
0
Let q(m) = -m**3 - 9*m**2 - 10*m - 2. Let y be q(-8). Suppose -y*h = -9*h + 95. Let v = 24 + h. What is the units digit of v?
5
What is the thousands digit of (-24990)/(-11) - ((-8)/(-11))/(-4)?
2
Let t(i) = -i**3 + 6*i**2 + 7*i - 1. Let y be t(7). Let c(s) = 8*s**2 - s - 1. Let r be c(y). Let d = r - -15. What is the tens digit of d?
2
Let o = 10 - -99. Suppose 5*a - 4*v = 892, -3*a + 3*v + 428 = -o. What is the hundreds digit of a?
1
Let f be (-6)/(-15) + (-12048)/(-30). Let j = -111 + f. What is the units digit of j?
1
Let k(t) = t**3 - 10*t**2 - 2*t + 12. Let b be k(5). Let a = b + 210. What is the units digit of a?
7
Let i = 1712 - -58. What is the thousands digit of i?
1
What is the tens digit of 294/(-35) + 8 - 6084/(-10)?
0
Let y be (-4)/((-44)/(-14) + -3*1). Let i = y - -46. What is the units digit of i?
8
Let s be -6*(-10)/(-75)*-1*5. Suppose 304 = 2*c + 4*j, j - s*j = 6. What is the units digit of c?
6
Let j(p) be the first derivative of 11*p**2/2 - 79*p - 4. What is the tens digit of j(23)?
7
Let b(t) = t - 2. Let v be b(5). Suppose -v*s - 5*p + 126 = -30, 2*s - 97 = -p. What is the tens digit of s?
4
Let f = 9 + -9. Suppose f*a - 14 = 2*a. What is the tens digit of (0 + a)*(-144)/42?
2
Suppose 2 = 23*g - 22*g. Suppose 2*m = 5*m - 264. Suppose -6*t = -g*t - m. What is the tens digit of t?
2
Let k(t) = t**3 + 9*t**2 + 12*t + 4. Suppose 0 = v + v + 14. What is the units digit of k(v)?
8
Let b = 712 - -262. What is the units digit of b?
4
Suppose -3*i = 2*i - 125. Suppose -i*g - 9 = -28*g. Suppose 2*p + z + 2*z = 39, -g*p + 81 = -3*z. What is the units digit of p?
4
Let n(p) be the first derivative of -3*p + 1/3*p**3 + 2 + 3*p**2. What is the tens digit of n(-11)?
5
Suppose -10*u + 2665 = -155. What is the tens digit of u?
8
What is the tens digit of 44/(-154) + 4181/7?
9
Suppose -3*i - 11 = -35. Suppose -158 = -3*u - i. What is the units digit of u?
0
Let u(v) = 621*v - 154. What is the thousands digit of u(5)?
2
Let z(u) be the second derivative of u**8/6720 + u**7/360 + u**6/180 + 5*u**4/12 + u. Let t(k) be the third derivative of z(k). What is the tens digit of t(-6)?
1
Suppose 440 = 22*p - 1056. What is the tens digit of p?
6
Let u(o) = 337*o + 6. Let d be u(-3). Let w be ((-16)/(-40))/((-3)/d). Suppose -b + w = 2*b - 2*x, 5*x - 190 = -5*b. What is the tens digit of b?
4
Suppose 35 = 3*c - y - 0*y, 4*c - 50 = 2*y. Let k = c + 9. Let q = k + -12. What is the units digit of q?
7
Let z(x) be the second derivative of 7*x**4/24 - x**3/6 - x**2 - x. Let i(m) be the first derivative of z(m). What is the tens digit of i(4)?
2
Let h be (-4 + (-21)/(-6))*2. Let c be (-1785)/(-30) - h/(-2). What is the tens digit of c + (2 - 16/4)?
5
Suppose 0 = -5*k + 3 + 7, 0 = 3*t + k - 35. Let a(y) = 5*y + 23. What is the units digit of a(t)?
8
Let f be (0 + 1)/((-4)/(-11264)). What is the tens digit of f/56 + 2/(-7)?
5
Suppose 32526 = -25*a + 38*a. What is the units digit of a?
2
Suppose -24 = -5*m + 146. Let v = m + -11. What is the tens digit of v?
2
Let d(b) = -2*b**2 - 7*b + 1. Let u be d(-3). Suppose 0*f - 3*f - 3*x = -288, -210 = -2*f + u*x. What is the units digit of f?
9
Suppose -2*g + 2691 = o, -12*o = 4*g - 8*o - 5380. What is the thousands digit of g?
1
Let l = -78 + 73. What is the units digit of 2 - (l - (-102)/(-2))?
8
Suppose 0 = -5*y + 4*b - 11, 2*y + 2*b = -0*b + 10. Suppose 2*d + y = 31. What is the tens digit of (-244)/(-10) + (-6)/d?
2
Let y(v) be the third derivative of 7*v**2 + 1/120*v**6 - 1/15*v**5 + 0*v - 2/3*v**3 - 1/4*v**4 + 0. What is the tens digit of y(6)?
3
Let b = 24 - 20. Suppose b*p - c + 2*c - 8 = 0, 3*c - 8 = -4